{"id":8,"date":"2019-07-30T17:14:11","date_gmt":"2019-07-30T15:14:11","guid":{"rendered":"http:\/\/cj-shiatsu.edvariables.ovh\/?page_id=8"},"modified":"2021-06-28T15:39:25","modified_gmt":"2021-06-28T13:39:25","slug":"accueil-camille-jaubert-shiatsu-equin-humain-ardeche","status":"publish","type":"page","link":"https:\/\/www.shiatsu-equin-humain.fr\/","title":{"rendered":"Shiatsu \u00e9quin &#038; humain Ard\u00e8che &#8211; Rh\u00f4ne-Alpes"},"content":{"rendered":"\n<h4 class=\"wp-block-heading\">Shiatsu \u00e9quin<\/h4>\n\n\n<p>Praticienne en shiatsu \u00e9quin certifi\u00e9e et install\u00e9e en Ard\u00e8che verte, je vous propose mes services afin d&rsquo;offrir du bien-\u00eatre \u00e0 votre cheval. Le <a href=\"https:\/\/www.shiatsu-equin-humain.fr\/index.php\/le-shiatsu\/\">shiatsu <\/a><span data-offset-key=\"62j4i-0-0\">permet d&rsquo;apaiser l&rsquo;animal et entretenir ses d\u00e9fenses immunitaires, il favorise l&rsquo;autogu\u00e9rison et lui donne une meilleure condition mentale<\/span>.<br>Cette technique manuelle d&rsquo;origine japonaise agit sur le syst\u00e8me para-sympathique de l\u2019organisme, permettant de stimuler la capacit\u00e9 naturelle d\u2019auto-gu\u00e9rison du corps.<\/p>\n\n\n<h4 class=\"wp-block-heading\">Shiatsu humain<\/h4>\n\n\n\n<p>Dipl\u00f4m\u00e9e en <a href=\"https:\/\/www.shiatsu-equin-humain.fr\/index.php\/shiatsu-humain\/\">shiatsu humain<\/a> en 2020, je vous propose un shiatsu qui vous apportera relaxation, d\u00e9tente et sant\u00e9. Le shiatsu humain intervient \u00e0 titre pr\u00e9ventif (il stimule les d\u00e9fenses naturelles du corps et l&rsquo;aide \u00e0 se maintenir en forme), en r\u00e9\u00e9quilibrage \u00e9nerg\u00e9tique, en soulageant les troubles, en r\u00e9duisant le stress, les addictions&#8230;<\/p>\n\n\n\n<h4 class=\"wp-block-heading\">D\u00e9placements &#8211; actualit\u00e9s<\/h4>\n\n\n\n<p>Vous pouvez suivre mon actualit\u00e9 sur <a href=\"https:\/\/www.facebook.com\/shiatsuardeche\">Facebook<\/a> ou Instagram et conna\u00eetre mes tourn\u00e9es de d\u00e9placement. Je me rends tr\u00e8s r\u00e9guli\u00e8rement sur Lyon, l&rsquo;ouest Lyonnais, le Nord de l&rsquo;Ard\u00e8che, la vall\u00e9e du Rh\u00f4ne et le Pilat.<br>Mais si rien n&rsquo;est annonc\u00e9 dans votre secteur, n&rsquo;h\u00e9sitez pas \u00e0 me joindre par t\u00e9l\u00e9phone, mail, messenger&#8230;<br>Je propose des s\u00e9ances \u00e0 tarif r\u00e9duit pour les chevaux d&rsquo;instruction des centres \u00e9questres ainsi que pour les \u00e9levages, contactez-moi pour en savoir plus.<\/p>\n\n\n\n<p>Enfin, j&rsquo;\u00e9cris r\u00e9guli\u00e8rement des articles que vous trouverez sur la partie <a href=\"https:\/\/www.shiatsu-equin-humain.fr\/index.php\/blog\/\">blog<\/a> de ce site : M\u00e9decine traditionnelle chinoise, liens vers d&rsquo;autres sites, billets d&rsquo;humeur, selon l&rsquo;envie du moment.<\/p>\n\n\n\n<p><strong>Pour rappel,&nbsp; le shiatsu \u00e9quin est un soin de bien-\u00eatre et n\u2019est en aucun cas un soin v\u00e9t\u00e9rinaire. Ainsi, le praticien shiatsu est un intervenant compl\u00e9mentaire au v\u00e9t\u00e9rinaire, ost\u00e9opathe, mar\u00e9chal-ferrant ou podologue, dentiste, saddle\/bit-fitter etc.<\/strong><\/p>\n\n\n\n<hr class=\"wp-block-separator\"\/>\n\n\n\n<figure class=\"wp-block-table\"><table><tbody><tr><td><strong>Contact : <\/strong><br>Camille Jaubert<br>415 route de Balayn 07410 Saint-F\u00e9licien<br>Tel : 06 64 93 17 28<br>Mel : <a href=\"mailto:camille.jaubert-shiatsu@lilo.org\">camille.jaubert-shiatsu@lilo.org<\/a><br><br>N\u00b0 siret : 852 993 716 00012<\/td><td><strong>Zones de d\u00e9placement : <\/strong><br>07 &#8211; Ard\u00e8che<br>26 &#8211; Dr\u00f4me<br>69 &#8211; Rh\u00f4ne<br>38 &#8211; Is\u00e8re (ouest)<br>42 &#8211; Loire (est)<br>Autres d\u00e9partements, me contacter<\/td><\/tr><\/tbody><\/table><\/figure>\n\n\n\n<figure class=\"wp-block-image size-large is-resized\"><img loading=\"lazy\" decoding=\"async\" src=\"https:\/\/www.shiatsu-equin-humain.fr\/wp-content\/uploads\/2019\/07\/logo-shiatsu-camille-test-rouge-485x1024.gif\" alt=\"Logo Camille Jaubert Shiatsu \u00e9quin Rh\u00f4ne-Alpes\" class=\"wp-image-108\" width=\"80\" height=\"168\" srcset=\"https:\/\/www.shiatsu-equin-humain.fr\/wp-content\/uploads\/2019\/07\/logo-shiatsu-camille-test-rouge-485x1024.gif 485w, https:\/\/www.shiatsu-equin-humain.fr\/wp-content\/uploads\/2019\/07\/logo-shiatsu-camille-test-rouge-142x300.gif 142w, https:\/\/www.shiatsu-equin-humain.fr\/wp-content\/uploads\/2019\/07\/logo-shiatsu-camille-test-rouge-768x1622.gif 768w\" sizes=\"auto, (max-width: 80px) 100vw, 80px\" \/><\/figure>\n","protected":false},"excerpt":{"rendered":"<p>Shiatsu \u00e9quin Praticienne en shiatsu \u00e9quin certifi\u00e9e et install\u00e9e en Ard\u00e8che verte, je vous propose mes services afin d&rsquo;offrir du bien-\u00eatre \u00e0 votre cheval. Le shiatsu permet d&rsquo;apaiser l&rsquo;animal et entretenir ses d\u00e9fenses immunitaires, il favorise l&rsquo;autogu\u00e9rison et lui donne une meilleure condition mentale.Cette technique manuelle d&rsquo;origine japonaise agit sur le syst\u00e8me para-sympathique de l\u2019organisme, &hellip; <\/p>\n<p class=\"link-more\"><a href=\"https:\/\/www.shiatsu-equin-humain.fr\/\" class=\"more-link\">Continuer la lecture<span class=\"screen-reader-text\"> de &laquo;&nbsp;Shiatsu \u00e9quin &#038; humain Ard\u00e8che &#8211; Rh\u00f4ne-Alpes&nbsp;&raquo;<\/span><\/a><\/p>\n","protected":false},"author":1,"featured_media":0,"parent":0,"menu_order":0,"comment_status":"closed","ping_status":"closed","template":"","meta":{"footnotes":""},"class_list":["post-8","page","type-page","status-publish","hentry"],"_links":{"self":[{"href":"https:\/\/www.shiatsu-equin-humain.fr\/index.php\/wp-json\/wp\/v2\/pages\/8","targetHints":{"allow":["GET"]}}],"collection":[{"href":"https:\/\/www.shiatsu-equin-humain.fr\/index.php\/wp-json\/wp\/v2\/pages"}],"about":[{"href":"https:\/\/www.shiatsu-equin-humain.fr\/index.php\/wp-json\/wp\/v2\/types\/page"}],"author":[{"embeddable":true,"href":"https:\/\/www.shiatsu-equin-humain.fr\/index.php\/wp-json\/wp\/v2\/users\/1"}],"replies":[{"embeddable":true,"href":"https:\/\/www.shiatsu-equin-humain.fr\/index.php\/wp-json\/wp\/v2\/comments?post=8"}],"version-history":[{"count":39,"href":"https:\/\/www.shiatsu-equin-humain.fr\/index.php\/wp-json\/wp\/v2\/pages\/8\/revisions"}],"predecessor-version":[{"id":496,"href":"https:\/\/www.shiatsu-equin-humain.fr\/index.php\/wp-json\/wp\/v2\/pages\/8\/revisions\/496"}],"wp:attachment":[{"href":"https:\/\/www.shiatsu-equin-humain.fr\/index.php\/wp-json\/wp\/v2\/media?parent=8"}],"curies":[{"name":"wp","href":"https:\/\/api.w.org\/{rel}","templated":true}]}}