{"id":614,"date":"2022-10-01T09:58:26","date_gmt":"2022-10-01T07:58:26","guid":{"rendered":"https:\/\/www.shiatsu-equin-humain.fr\/?page_id=614"},"modified":"2022-10-01T10:09:43","modified_gmt":"2022-10-01T08:09:43","slug":"fleurs-de-bach","status":"publish","type":"page","link":"https:\/\/www.shiatsu-equin-humain.fr\/index.php\/fleurs-de-bach\/","title":{"rendered":"Fleurs de Bach"},"content":{"rendered":"\n<p>Les Fleurs de Bach et la d\u00e9marche qui les entoure ont \u00e9t\u00e9 mises au point par le m\u00e9decin britannique Edward Bach. Des petits flacons de 20ml \u00e0 base de fleurs sauvages permettent d&rsquo;apprivoiser nos \u00e9motions au quotidien. <\/p>\n\n\n\n<p>Il existe 38 fleurs de Bach qui ciblent les \u00e9motions passag\u00e8res ou r\u00e9guli\u00e8res de l\u2019individu. La plus connue est le Rescue, compos\u00e9 d&rsquo;urgence, un m\u00e9lange de plusieurs fleurs imagin\u00e9 par le Dr Bach lui-m\u00eame.<br><br>Au del\u00e0 de ce compos\u00e9, la gamme des 38 fleurs permet de cerner avec finesse, les sentiments qui traversent l&rsquo;animal\/ l&rsquo;humain. Les \u00e9lixirs floraux sont 100% naturels, sans effet secondaire et compatibles avec les m\u00e9dicaments traditionnels.<\/p>\n\n\n\n<p>Votre animal souffre d&rsquo;une pathologie ? d&rsquo;un probl\u00e8me de comportement ? Le v\u00e9t\u00e9rinaire et le comportementaliste sont les professionnels qui vous aideront \u00e0 r\u00e9gler ces probl\u00e8mes. Les fleurs de Bach, elles, viendront accompagner votre animal dans la gestion \u00e9motionnelle de la douleur ou de la cause du comportement probl\u00e9matique en harmonisant le d\u00e9s\u00e9quilibre \u00e9motionnel.<br><br>Ainsi, elles permettent de mieux g\u00e9rer le stress et de r\u00e9duire les angoisses, d&rsquo;apporter du r\u00e9confort suite \u00e0 un choc physique ou \u00e9motionnel (sevrage, accident, &#8230;), d&rsquo;apporter de l&rsquo;entrain et de la motivation, d&rsquo;accompagner un changement de propri\u00e9taire\/de pension&#8230;<\/p>\n\n\n\n<p>S\u00e9ance : au cours d&rsquo;un entretien et bilan \u00e9motionnel, nous d\u00e9terminerons quelles sont les 3 fleurs les plus adapt\u00e9es \u00e0 votre animal. N&rsquo;h\u00e9sitez pas \u00e0 me contacter pour en savoir plus.<\/p>\n\n\n\n<figure class=\"wp-block-gallery columns-3 is-cropped wp-block-gallery-1 is-layout-flex wp-block-gallery-is-layout-flex\"><ul class=\"blocks-gallery-grid\"><li class=\"blocks-gallery-item\"><figure><img loading=\"lazy\" decoding=\"async\" width=\"590\" height=\"856\" src=\"https:\/\/www.shiatsu-equin-humain.fr\/wp-content\/uploads\/2022\/10\/fdbcj.jpg\" alt=\"\" data-id=\"617\" data-link=\"https:\/\/www.shiatsu-equin-humain.fr\/index.php\/fleurs-de-bach\/fdbcj\/\" class=\"wp-image-617\" srcset=\"https:\/\/www.shiatsu-equin-humain.fr\/wp-content\/uploads\/2022\/10\/fdbcj.jpg 590w, https:\/\/www.shiatsu-equin-humain.fr\/wp-content\/uploads\/2022\/10\/fdbcj-207x300.jpg 207w\" sizes=\"auto, (max-width: 590px) 100vw, 590px\" \/><\/figure><\/li><li class=\"blocks-gallery-item\"><figure><img loading=\"lazy\" decoding=\"async\" width=\"903\" height=\"915\" src=\"https:\/\/www.shiatsu-equin-humain.fr\/wp-content\/uploads\/2022\/10\/star.jpg\" alt=\"\" data-id=\"619\" data-full-url=\"https:\/\/www.shiatsu-equin-humain.fr\/wp-content\/uploads\/2022\/10\/star.jpg\" data-link=\"https:\/\/www.shiatsu-equin-humain.fr\/index.php\/fleurs-de-bach\/star\/\" class=\"wp-image-619\" srcset=\"https:\/\/www.shiatsu-equin-humain.fr\/wp-content\/uploads\/2022\/10\/star.jpg 903w, https:\/\/www.shiatsu-equin-humain.fr\/wp-content\/uploads\/2022\/10\/star-296x300.jpg 296w, https:\/\/www.shiatsu-equin-humain.fr\/wp-content\/uploads\/2022\/10\/star-768x778.jpg 768w, https:\/\/www.shiatsu-equin-humain.fr\/wp-content\/uploads\/2022\/10\/star-100x100.jpg 100w\" sizes=\"auto, (max-width: 706px) 89vw, (max-width: 767px) 82vw, 740px\" \/><\/figure><\/li><li class=\"blocks-gallery-item\"><figure><img loading=\"lazy\" decoding=\"async\" width=\"1024\" height=\"760\" src=\"https:\/\/www.shiatsu-equin-humain.fr\/wp-content\/uploads\/2021\/03\/certificatniveau-1-1024x760.png\" alt=\"\" data-id=\"393\" data-link=\"https:\/\/www.shiatsu-equin-humain.fr\/index.php\/qui-suis-je\/certificatniveau-1\/\" class=\"wp-image-393\" srcset=\"https:\/\/www.shiatsu-equin-humain.fr\/wp-content\/uploads\/2021\/03\/certificatniveau-1-1024x760.png 1024w, https:\/\/www.shiatsu-equin-humain.fr\/wp-content\/uploads\/2021\/03\/certificatniveau-1-300x223.png 300w, https:\/\/www.shiatsu-equin-humain.fr\/wp-content\/uploads\/2021\/03\/certificatniveau-1-768x570.png 768w, https:\/\/www.shiatsu-equin-humain.fr\/wp-content\/uploads\/2021\/03\/certificatniveau-1.png 1067w\" sizes=\"auto, (max-width: 706px) 89vw, (max-width: 767px) 82vw, 740px\" \/><\/figure><\/li><li class=\"blocks-gallery-item\"><figure><img loading=\"lazy\" decoding=\"async\" width=\"764\" height=\"1024\" src=\"https:\/\/www.shiatsu-equin-humain.fr\/wp-content\/uploads\/2021\/07\/fleurbach-764x1024.jpg\" alt=\"\" data-id=\"510\" data-link=\"https:\/\/www.shiatsu-equin-humain.fr\/index.php\/2021\/07\/15\/consultation-fleur-de-bach\/fleurbach\/\" class=\"wp-image-510\" srcset=\"https:\/\/www.shiatsu-equin-humain.fr\/wp-content\/uploads\/2021\/07\/fleurbach-764x1024.jpg 764w, https:\/\/www.shiatsu-equin-humain.fr\/wp-content\/uploads\/2021\/07\/fleurbach-224x300.jpg 224w, https:\/\/www.shiatsu-equin-humain.fr\/wp-content\/uploads\/2021\/07\/fleurbach-768x1029.jpg 768w, https:\/\/www.shiatsu-equin-humain.fr\/wp-content\/uploads\/2021\/07\/fleurbach-1146x1536.jpg 1146w, https:\/\/www.shiatsu-equin-humain.fr\/wp-content\/uploads\/2021\/07\/fleurbach.jpg 1504w\" sizes=\"auto, (max-width: 706px) 89vw, (max-width: 767px) 82vw, 740px\" \/><\/figure><\/li><li class=\"blocks-gallery-item\"><figure><img loading=\"lazy\" decoding=\"async\" width=\"768\" height=\"1024\" src=\"https:\/\/www.shiatsu-equin-humain.fr\/wp-content\/uploads\/2021\/03\/certificatniveau-2-768x1024.jpg\" alt=\"\" data-id=\"394\" data-link=\"https:\/\/www.shiatsu-equin-humain.fr\/index.php\/qui-suis-je\/certificatniveau-2\/\" class=\"wp-image-394\" srcset=\"https:\/\/www.shiatsu-equin-humain.fr\/wp-content\/uploads\/2021\/03\/certificatniveau-2-768x1024.jpg 768w, https:\/\/www.shiatsu-equin-humain.fr\/wp-content\/uploads\/2021\/03\/certificatniveau-2-225x300.jpg 225w, https:\/\/www.shiatsu-equin-humain.fr\/wp-content\/uploads\/2021\/03\/certificatniveau-2-1152x1536.jpg 1152w, https:\/\/www.shiatsu-equin-humain.fr\/wp-content\/uploads\/2021\/03\/certificatniveau-2.jpg 1536w\" sizes=\"auto, (max-width: 706px) 89vw, (max-width: 767px) 82vw, 740px\" \/><\/figure><\/li><\/ul><\/figure>\n","protected":false},"excerpt":{"rendered":"<p>Les Fleurs de Bach et la d\u00e9marche qui les entoure ont \u00e9t\u00e9 mises au point par le m\u00e9decin britannique Edward Bach. Des petits flacons de 20ml \u00e0 base de fleurs sauvages permettent d&rsquo;apprivoiser nos \u00e9motions au quotidien. Il existe 38 fleurs de Bach qui ciblent les \u00e9motions passag\u00e8res ou r\u00e9guli\u00e8res de l\u2019individu. La plus connue &hellip; <\/p>\n<p class=\"link-more\"><a href=\"https:\/\/www.shiatsu-equin-humain.fr\/index.php\/fleurs-de-bach\/\" class=\"more-link\">Continuer la lecture<span class=\"screen-reader-text\"> de &laquo;&nbsp;Fleurs de Bach&nbsp;&raquo;<\/span><\/a><\/p>\n","protected":false},"author":2,"featured_media":0,"parent":0,"menu_order":0,"comment_status":"closed","ping_status":"closed","template":"","meta":{"footnotes":""},"class_list":["post-614","page","type-page","status-publish","hentry"],"_links":{"self":[{"href":"https:\/\/www.shiatsu-equin-humain.fr\/index.php\/wp-json\/wp\/v2\/pages\/614","targetHints":{"allow":["GET"]}}],"collection":[{"href":"https:\/\/www.shiatsu-equin-humain.fr\/index.php\/wp-json\/wp\/v2\/pages"}],"about":[{"href":"https:\/\/www.shiatsu-equin-humain.fr\/index.php\/wp-json\/wp\/v2\/types\/page"}],"author":[{"embeddable":true,"href":"https:\/\/www.shiatsu-equin-humain.fr\/index.php\/wp-json\/wp\/v2\/users\/2"}],"replies":[{"embeddable":true,"href":"https:\/\/www.shiatsu-equin-humain.fr\/index.php\/wp-json\/wp\/v2\/comments?post=614"}],"version-history":[{"count":4,"href":"https:\/\/www.shiatsu-equin-humain.fr\/index.php\/wp-json\/wp\/v2\/pages\/614\/revisions"}],"predecessor-version":[{"id":620,"href":"https:\/\/www.shiatsu-equin-humain.fr\/index.php\/wp-json\/wp\/v2\/pages\/614\/revisions\/620"}],"wp:attachment":[{"href":"https:\/\/www.shiatsu-equin-humain.fr\/index.php\/wp-json\/wp\/v2\/media?parent=614"}],"curies":[{"name":"wp","href":"https:\/\/api.w.org\/{rel}","templated":true}]}}