{"id":21,"date":"2019-07-30T17:14:11","date_gmt":"2019-07-30T15:14:11","guid":{"rendered":"http:\/\/cj-shiatsu.edvariables.ovh\/?page_id=21"},"modified":"2021-06-28T16:19:33","modified_gmt":"2021-06-28T14:19:33","slug":"le-shiatsu-equin","status":"publish","type":"page","link":"https:\/\/www.shiatsu-equin-humain.fr\/index.php\/le-shiatsu-equin\/","title":{"rendered":"Shiatsu \u00e9quin"},"content":{"rendered":"\n<figure class=\"wp-block-image\"><img loading=\"lazy\" decoding=\"async\" width=\"1024\" height=\"683\" src=\"https:\/\/www.shiatsu-equin-humain.fr\/wp-content\/uploads\/2019\/08\/IMG_5906-1024x683.jpg\" alt=\"\" class=\"wp-image-162\" srcset=\"https:\/\/www.shiatsu-equin-humain.fr\/wp-content\/uploads\/2019\/08\/IMG_5906-1024x683.jpg 1024w, https:\/\/www.shiatsu-equin-humain.fr\/wp-content\/uploads\/2019\/08\/IMG_5906-300x200.jpg 300w, https:\/\/www.shiatsu-equin-humain.fr\/wp-content\/uploads\/2019\/08\/IMG_5906-768x512.jpg 768w\" sizes=\"auto, (max-width: 706px) 89vw, (max-width: 767px) 82vw, 740px\" \/><\/figure>\n\n\n\n<p>Le shiatsu est une m\u00e9thode japonaise de relaxation-d\u00e9tente bas\u00e9e sur les fondements de la m\u00e9decine traditionnelle chinoise.  SHI veut dire \u00ab&nbsp;doigt&nbsp;\u00bb et ATSU \u00ab&nbsp;pression&nbsp;\u00bb. On applique ainsi une pression sur des points d&rsquo;\u00e9nergie.<\/p>\n\n\n\n<p>Cette technique manuelle agit sur le syst\u00e8me para-sympathique de l\u2019organisme, permettant de stimuler la capacit\u00e9 naturelle d\u2019auto-gu\u00e9rison du corps.  Par leur sens du toucher tr\u00e8s d\u00e9velopp\u00e9, les chevaux sont extr\u00eamement r\u00e9ceptifs \u00e0 cette pratique de bien-\u00eatre.  <\/p>\n\n\n\n<p>Le shiatsu \u00e9quin a pour objectif de d\u00e9tendre et relaxer le cheval, de baisser des tensions dans son corps, de r\u00e9tablir son \u00e9quilibre \u00e9nerg\u00e9tique et d&rsquo;augmenter ses d\u00e9fenses immunitaires.<br>Il permet \u00e9galement de proposer une meilleure r\u00e9cup\u00e9ration apr\u00e8s l&rsquo;effort.  <\/p>\n\n\n\n<p>Le shiatsu n\u2019intervient pas comme un \u00e9l\u00e9ment ext\u00e9rieur \u00ab\u00a0gu\u00e9risseur\u00a0\u00bb, mais comme un moyen de remettre en route et de stimuler les capacit\u00e9s d\u2019auto-d\u00e9fense et de \u00ab\u00a0r\u00e9paration\u00a0\u00bb de l\u2019organisme. Il s&rsquo;agit d&rsquo;un travail pr\u00e9ventif, \u00e0 faire id\u00e9alement \u00e0 chaque changement de saison.<\/p>\n\n\n\n<p>Cette m\u00e9thode douce va permettre d\u2019harmoniser \u00e9galement sa sph\u00e8re \u00e9motionnelle.<\/p>\n\n\n\n<p><strong>Le shiatsu \u00e9quin est une pratique de bien-\u00eatre et n&rsquo;est en aucun cas un soin v\u00e9t\u00e9rinaire. <\/strong><br><strong>Le praticien shiatsu est un intervenant compl\u00e9mentaire au v\u00e9t\u00e9rinaire, ost\u00e9opathe, mar\u00e9chal-ferrant ou podologue, dentiste, saddle\/bit-fitter etc.  <\/strong><\/p>\n","protected":false},"excerpt":{"rendered":"<p>Le shiatsu est une m\u00e9thode japonaise de relaxation-d\u00e9tente bas\u00e9e sur les fondements de la m\u00e9decine traditionnelle chinoise. SHI veut dire \u00ab&nbsp;doigt&nbsp;\u00bb et ATSU \u00ab&nbsp;pression&nbsp;\u00bb. On applique ainsi une pression sur des points d&rsquo;\u00e9nergie. Cette technique manuelle agit sur le syst\u00e8me para-sympathique de l\u2019organisme, permettant de stimuler la capacit\u00e9 naturelle d\u2019auto-gu\u00e9rison du corps. Par leur sens &hellip; <\/p>\n<p class=\"link-more\"><a href=\"https:\/\/www.shiatsu-equin-humain.fr\/index.php\/le-shiatsu-equin\/\" class=\"more-link\">Continuer la lecture<span class=\"screen-reader-text\"> de &laquo;&nbsp;Shiatsu \u00e9quin&nbsp;&raquo;<\/span><\/a><\/p>\n","protected":false},"author":1,"featured_media":0,"parent":0,"menu_order":0,"comment_status":"closed","ping_status":"closed","template":"","meta":{"footnotes":""},"class_list":["post-21","page","type-page","status-publish","hentry"],"_links":{"self":[{"href":"https:\/\/www.shiatsu-equin-humain.fr\/index.php\/wp-json\/wp\/v2\/pages\/21","targetHints":{"allow":["GET"]}}],"collection":[{"href":"https:\/\/www.shiatsu-equin-humain.fr\/index.php\/wp-json\/wp\/v2\/pages"}],"about":[{"href":"https:\/\/www.shiatsu-equin-humain.fr\/index.php\/wp-json\/wp\/v2\/types\/page"}],"author":[{"embeddable":true,"href":"https:\/\/www.shiatsu-equin-humain.fr\/index.php\/wp-json\/wp\/v2\/users\/1"}],"replies":[{"embeddable":true,"href":"https:\/\/www.shiatsu-equin-humain.fr\/index.php\/wp-json\/wp\/v2\/comments?post=21"}],"version-history":[{"count":10,"href":"https:\/\/www.shiatsu-equin-humain.fr\/index.php\/wp-json\/wp\/v2\/pages\/21\/revisions"}],"predecessor-version":[{"id":502,"href":"https:\/\/www.shiatsu-equin-humain.fr\/index.php\/wp-json\/wp\/v2\/pages\/21\/revisions\/502"}],"wp:attachment":[{"href":"https:\/\/www.shiatsu-equin-humain.fr\/index.php\/wp-json\/wp\/v2\/media?parent=21"}],"curies":[{"name":"wp","href":"https:\/\/api.w.org\/{rel}","templated":true}]}}