{"id":20,"date":"2019-07-30T17:14:11","date_gmt":"2019-07-30T15:14:11","guid":{"rendered":"http:\/\/cj-shiatsu.edvariables.ovh\/?page_id=20"},"modified":"2021-03-13T17:05:43","modified_gmt":"2021-03-13T16:05:43","slug":"qui-suis-je","status":"publish","type":"page","link":"https:\/\/www.shiatsu-equin-humain.fr\/index.php\/qui-suis-je\/","title":{"rendered":"Qui suis-je ?"},"content":{"rendered":"\n<p>Passionn\u00e9e par les chevaux depuis toujours, j&rsquo;ai r\u00e9alis\u00e9 mon r\u00eave d&rsquo;enfance gr\u00e2ce \u00e0 O happy day qui m&rsquo;a rejoint en 2011. L\u00e9g\u00e8rement dermiteux, il m&rsquo;a fait me pencher sur la question des dermatoses allergiques&#8230; Couvertures, traitement de d\u00e9sensibilisation, achats de produits plus ou moins naturels, j&rsquo;ai \u00e9cum\u00e9 les forums et test\u00e9 beaucoup de choses. Dans la batterie des solutions, j&rsquo;ai d\u00e9couvert le shiatsu \u00e9quin. <\/p>\n\n\n\n<p>En 2016, mon ami et moi d\u00e9cidons de\nquitter notre zone de confort (CDI dans le secteur culturel \u00e0 Lyon)\npour acqu\u00e9rir une ferme en Ard\u00e8che du Nord et changer de vie.<\/p>\n\n\n\n<p>Apr\u00e8s 3 ans de travaux en r\u00e9novation \u00e9cologique, nous accueillons des h\u00f4tes et cavaliers dans ce que nous avons appel\u00e9 <a href=\"http:\/\/etapecavalieredubalayn.fr\/\">L&rsquo;\u00e9tape cavali\u00e8re du Balayn<\/a>.<\/p>\n\n\n\n<p>Apr\u00e8s 3 ans d&rsquo;\u00e9tudes en shiatsu \u00e9quin \u00e0 l&rsquo;\u00e9cole <a href=\"https:\/\/ecole-shiatsu-equin.fr\/\">Ouma te Ate<\/a> de Valence (\u00e9cole certifi\u00e9e par le <a href=\"https:\/\/syndicatshiatsuequin.fr\/\">Syndicat des Praticiens en Shiatsu \u00c9quin et Animalier<\/a>), je me lance en tant que praticienne certifi\u00e9e en shiastu \u00e9quin. En 2020, je termine ma formation par une ann\u00e9e de sp\u00e9cialisation en  shiatsu humain pour proposer les bienfaits de cette technique \u00e0 mes semblables !<\/p>\n\n\n\n<p>Cours de Qi Gong et cours de chant hebdomadaires, formations en Fleurs de Bach, formation en ligne en aromath\u00e9rapie \u00e9quine, en naturopathie animali\u00e8re, journ\u00e9e de formation en hydrolath\u00e9rapie, stage de communication intuitive, je poursuis mon chemin dans l&rsquo;ouverture du champ des possibles. <\/p>\n\n\n\n<p>Un changement de cap palpitant et enthousiasmant&nbsp;!<\/p>\n\n\n\n<figure class=\"wp-block-gallery columns-3 wp-block-gallery-1 is-layout-flex wp-block-gallery-is-layout-flex\"><ul class=\"blocks-gallery-grid\"><li class=\"blocks-gallery-item\"><figure><img loading=\"lazy\" decoding=\"async\" width=\"540\" height=\"960\" src=\"https:\/\/www.shiatsu-equin-humain.fr\/wp-content\/uploads\/2020\/06\/certificat.jpg\" alt=\"Dipl\u00f4me shiatsu \u00e9quin Camille Jaubert\" data-id=\"260\" data-full-url=\"https:\/\/www.shiatsu-equin-humain.fr\/wp-content\/uploads\/2020\/06\/certificat.jpg\" data-link=\"https:\/\/www.shiatsu-equin-humain.fr\/index.php\/2020\/05\/04\/exigez-la-certification\/certificat\/\" class=\"wp-image-260\" srcset=\"https:\/\/www.shiatsu-equin-humain.fr\/wp-content\/uploads\/2020\/06\/certificat.jpg 540w, https:\/\/www.shiatsu-equin-humain.fr\/wp-content\/uploads\/2020\/06\/certificat-169x300.jpg 169w\" sizes=\"auto, (max-width: 540px) 100vw, 540px\" \/><\/figure><\/li><li class=\"blocks-gallery-item\"><figure><img loading=\"lazy\" decoding=\"async\" width=\"768\" height=\"1024\" src=\"https:\/\/www.shiatsu-equin-humain.fr\/wp-content\/uploads\/2020\/11\/20201106_090226-768x1024.jpg\" alt=\"\" data-id=\"357\" data-full-url=\"https:\/\/www.shiatsu-equin-humain.fr\/wp-content\/uploads\/2020\/11\/20201106_090226-scaled.jpg\" data-link=\"https:\/\/www.shiatsu-equin-humain.fr\/index.php\/qui-suis-je\/20201106_090226\/\" class=\"wp-image-357\" srcset=\"https:\/\/www.shiatsu-equin-humain.fr\/wp-content\/uploads\/2020\/11\/20201106_090226-768x1024.jpg 768w, https:\/\/www.shiatsu-equin-humain.fr\/wp-content\/uploads\/2020\/11\/20201106_090226-225x300.jpg 225w, https:\/\/www.shiatsu-equin-humain.fr\/wp-content\/uploads\/2020\/11\/20201106_090226-1152x1536.jpg 1152w, https:\/\/www.shiatsu-equin-humain.fr\/wp-content\/uploads\/2020\/11\/20201106_090226-1536x2048.jpg 1536w, https:\/\/www.shiatsu-equin-humain.fr\/wp-content\/uploads\/2020\/11\/20201106_090226-scaled.jpg 1920w\" sizes=\"auto, (max-width: 706px) 89vw, (max-width: 767px) 82vw, 740px\" \/><\/figure><\/li><li class=\"blocks-gallery-item\"><figure><img loading=\"lazy\" decoding=\"async\" width=\"768\" height=\"1024\" src=\"https:\/\/www.shiatsu-equin-humain.fr\/wp-content\/uploads\/2021\/03\/certificatniveau-2-768x1024.jpg\" alt=\"\" data-id=\"394\" data-full-url=\"https:\/\/www.shiatsu-equin-humain.fr\/wp-content\/uploads\/2021\/03\/certificatniveau-2.jpg\" data-link=\"https:\/\/www.shiatsu-equin-humain.fr\/index.php\/qui-suis-je\/certificatniveau-2\/\" class=\"wp-image-394\" srcset=\"https:\/\/www.shiatsu-equin-humain.fr\/wp-content\/uploads\/2021\/03\/certificatniveau-2-768x1024.jpg 768w, https:\/\/www.shiatsu-equin-humain.fr\/wp-content\/uploads\/2021\/03\/certificatniveau-2-225x300.jpg 225w, https:\/\/www.shiatsu-equin-humain.fr\/wp-content\/uploads\/2021\/03\/certificatniveau-2-1152x1536.jpg 1152w, https:\/\/www.shiatsu-equin-humain.fr\/wp-content\/uploads\/2021\/03\/certificatniveau-2.jpg 1536w\" sizes=\"auto, (max-width: 706px) 89vw, (max-width: 767px) 82vw, 740px\" \/><\/figure><\/li><li class=\"blocks-gallery-item\"><figure><img loading=\"lazy\" decoding=\"async\" width=\"1024\" height=\"760\" src=\"https:\/\/www.shiatsu-equin-humain.fr\/wp-content\/uploads\/2021\/03\/certificatniveau-1-1024x760.png\" alt=\"\" data-id=\"393\" data-full-url=\"https:\/\/www.shiatsu-equin-humain.fr\/wp-content\/uploads\/2021\/03\/certificatniveau-1.png\" data-link=\"https:\/\/www.shiatsu-equin-humain.fr\/index.php\/qui-suis-je\/certificatniveau-1\/\" class=\"wp-image-393\" srcset=\"https:\/\/www.shiatsu-equin-humain.fr\/wp-content\/uploads\/2021\/03\/certificatniveau-1-1024x760.png 1024w, https:\/\/www.shiatsu-equin-humain.fr\/wp-content\/uploads\/2021\/03\/certificatniveau-1-300x223.png 300w, https:\/\/www.shiatsu-equin-humain.fr\/wp-content\/uploads\/2021\/03\/certificatniveau-1-768x570.png 768w, https:\/\/www.shiatsu-equin-humain.fr\/wp-content\/uploads\/2021\/03\/certificatniveau-1.png 1067w\" sizes=\"auto, (max-width: 706px) 89vw, (max-width: 767px) 82vw, 740px\" \/><\/figure><\/li><li class=\"blocks-gallery-item\"><figure><img loading=\"lazy\" decoding=\"async\" width=\"921\" height=\"606\" src=\"https:\/\/www.shiatsu-equin-humain.fr\/wp-content\/uploads\/2020\/06\/96733545_240332560650349_6743495440978673664_n.png\" alt=\"Certificat naturopathie Camille Jaubert\" data-id=\"197\" data-full-url=\"https:\/\/www.shiatsu-equin-humain.fr\/wp-content\/uploads\/2020\/06\/96733545_240332560650349_6743495440978673664_n.png\" data-link=\"https:\/\/www.shiatsu-equin-humain.fr\/index.php\/qui-suis-je\/96733545_240332560650349_6743495440978673664_n\/\" class=\"wp-image-197\" srcset=\"https:\/\/www.shiatsu-equin-humain.fr\/wp-content\/uploads\/2020\/06\/96733545_240332560650349_6743495440978673664_n.png 921w, https:\/\/www.shiatsu-equin-humain.fr\/wp-content\/uploads\/2020\/06\/96733545_240332560650349_6743495440978673664_n-300x197.png 300w, https:\/\/www.shiatsu-equin-humain.fr\/wp-content\/uploads\/2020\/06\/96733545_240332560650349_6743495440978673664_n-768x505.png 768w\" sizes=\"auto, (max-width: 706px) 89vw, (max-width: 767px) 82vw, 740px\" \/><\/figure><\/li><li class=\"blocks-gallery-item\"><figure><img loading=\"lazy\" decoding=\"async\" width=\"871\" height=\"642\" src=\"https:\/\/www.shiatsu-equin-humain.fr\/wp-content\/uploads\/2020\/06\/88196467_193499998666939_2492609868238684160_n.png\" alt=\"Certificat aromath\u00e9rapie Camille Jaubert\" data-id=\"195\" data-full-url=\"https:\/\/www.shiatsu-equin-humain.fr\/wp-content\/uploads\/2020\/06\/88196467_193499998666939_2492609868238684160_n.png\" data-link=\"https:\/\/www.shiatsu-equin-humain.fr\/index.php\/qui-suis-je\/88196467_193499998666939_2492609868238684160_n\/\" class=\"wp-image-195\" srcset=\"https:\/\/www.shiatsu-equin-humain.fr\/wp-content\/uploads\/2020\/06\/88196467_193499998666939_2492609868238684160_n.png 871w, https:\/\/www.shiatsu-equin-humain.fr\/wp-content\/uploads\/2020\/06\/88196467_193499998666939_2492609868238684160_n-300x221.png 300w, https:\/\/www.shiatsu-equin-humain.fr\/wp-content\/uploads\/2020\/06\/88196467_193499998666939_2492609868238684160_n-768x566.png 768w\" sizes=\"auto, (max-width: 706px) 89vw, (max-width: 767px) 82vw, 740px\" \/><\/figure><\/li><\/ul><\/figure>\n","protected":false},"excerpt":{"rendered":"<p>Passionn\u00e9e par les chevaux depuis toujours, j&rsquo;ai r\u00e9alis\u00e9 mon r\u00eave d&rsquo;enfance gr\u00e2ce \u00e0 O happy day qui m&rsquo;a rejoint en 2011. L\u00e9g\u00e8rement dermiteux, il m&rsquo;a fait me pencher sur la question des dermatoses allergiques&#8230; Couvertures, traitement de d\u00e9sensibilisation, achats de produits plus ou moins naturels, j&rsquo;ai \u00e9cum\u00e9 les forums et test\u00e9 beaucoup de choses. Dans &hellip; <\/p>\n<p class=\"link-more\"><a href=\"https:\/\/www.shiatsu-equin-humain.fr\/index.php\/qui-suis-je\/\" class=\"more-link\">Continuer la lecture<span class=\"screen-reader-text\"> de &laquo;&nbsp;Qui suis-je ?&nbsp;&raquo;<\/span><\/a><\/p>\n","protected":false},"author":1,"featured_media":0,"parent":0,"menu_order":0,"comment_status":"closed","ping_status":"closed","template":"","meta":{"footnotes":""},"class_list":["post-20","page","type-page","status-publish","hentry"],"_links":{"self":[{"href":"https:\/\/www.shiatsu-equin-humain.fr\/index.php\/wp-json\/wp\/v2\/pages\/20","targetHints":{"allow":["GET"]}}],"collection":[{"href":"https:\/\/www.shiatsu-equin-humain.fr\/index.php\/wp-json\/wp\/v2\/pages"}],"about":[{"href":"https:\/\/www.shiatsu-equin-humain.fr\/index.php\/wp-json\/wp\/v2\/types\/page"}],"author":[{"embeddable":true,"href":"https:\/\/www.shiatsu-equin-humain.fr\/index.php\/wp-json\/wp\/v2\/users\/1"}],"replies":[{"embeddable":true,"href":"https:\/\/www.shiatsu-equin-humain.fr\/index.php\/wp-json\/wp\/v2\/comments?post=20"}],"version-history":[{"count":15,"href":"https:\/\/www.shiatsu-equin-humain.fr\/index.php\/wp-json\/wp\/v2\/pages\/20\/revisions"}],"predecessor-version":[{"id":398,"href":"https:\/\/www.shiatsu-equin-humain.fr\/index.php\/wp-json\/wp\/v2\/pages\/20\/revisions\/398"}],"wp:attachment":[{"href":"https:\/\/www.shiatsu-equin-humain.fr\/index.php\/wp-json\/wp\/v2\/media?parent=20"}],"curies":[{"name":"wp","href":"https:\/\/api.w.org\/{rel}","templated":true}]}}